9
Let n(y) = y**2 + 38*y + 56. Calculate n(-35).
-49
Let c(t) = -t**2 - 2*t - 7. Give c(-5).
-22
Let s(a) = -a**3 - 13*a**2 - 9*a - 73. Calculate s(-13).
44
Let l(d) = -d**2 - 12*d - 11. Give l(-9).
16
Let n(b) = -4*b**2 + 3*b - 2. Give n(1).
-3
Let c(j) = -2*j**2 + 20*j + 25. Determine c(11).
3
Let f(o) = o**3 + 11*o**2 + 2*o + 16. What is f(-12)?
-152
Let b(l) = -l**2 + 16*l - 37. Calculate b(5).
18
Let q(w) = 9*w - 3. Give q(2).
15
Let f(v) = 2*v**2 - 5*v - 1. Calculate f(2).
-3
Let j(w) = -w**2 - 17*w - 19. Give j(-7).
51
Let v(k) = -13*k + 286. What is v(22)?
0
Let h(m) = -6*m - 98. What is h(-16)?
-2
Let l(d) = d**3 - 5*d**2 - 4*d + 1. What is l(6)?
13
Let q(t) = -103*t - 108. Calculate q(-1).
-5
Let r(g) = g**3 - 24*g**2 + 22*g + 25. What is r(23)?
2
Let g(d) = 12*d + 266. What is g(-20)?
26
Let v(z) = z**3 + 2*z**2 - 15*z. Calculate v(-5).
0
Let f(h) = h + 1. Calculate f(-13).
-12
Let s(p) = p**3 - p**2 - 7. Calculate s(0).
-7
Let g(i) = -i**3 - 14*i**2 - 12*i + 18. Determine g(-13).
5
Let q(j) = 4*j + 28. Give q(-5).
8
Let b(o) = -3*o - 16. Give b(-1).
-13
Let t(x) = x**3 - 6*x**2 + 5*x - 1. Give t(5).
-1
Let k(p) = p**3 - p**2 - 9*p. Calculate k(-5).
-105
Let t(w) = -w**2 - 16*w + 25. Determine t(-18).
-11
Let h(b) = -23*b + 87. Give h(4).
-5
Let n(d) = -d**3 + 22*d**2 - 38*d - 37. What is n(20)?
3
Let d(v) = 9*v - 8. Give d(3).
19
Let u(d) = 19*d**2 + 1. Determine u(-1).
20
Let r(a) = -6*a - 115. What is r(-20)?
5
Let b(k) = k**2 - k - 1. Determine b(3).
5
Let u(y) = y**3 - 8*y**2 - 6. Calculate u(8).
-6
Let q(m) = m**3 + 2*m**2 - 4*m - 8. What is q(-3)?
-5
Let v(h) = -h - 1. Calculate v(9).
-10
Let h(g) = g**3 - 18*g**2 + g - 11. What is h(18)?
7
Let g(w) = 3*w**2 + 77*w + 117. What is g(-24)?
-3
Let z(s) = 2*s**2 + 14*s - 32. What is z(-9)?
4
Let p(t) = -2*t + 4. Calculate p(7).
-10
Let u(s) = s**3 + 10*s**2 - s - 17. Determine u(-10).
-7
Let l(g) = -g**3 - 22*g**2 + 49*g - 34. Calculate l(-24).
-58
Let k(w) = 2*w**2 - 22*w + 17. What is k(9)?
-19
Let s(d) = -19*d + 129. Determine s(7).
-4
Let t(o) = -o**3 + 3*o**2 - 4. Give t(3).
-4
Let s(z) = z**2 + 10*z + 8. What is s(-4)?
-16
Let u(c) = c**3 + 24*c**2 - 24*c + 28. Determine u(-25).
3
Let g(q) = 2*q**2 + 27*q - 209. Determine g(-19).
0
Let k(o) = -4*o + 9. What is k(7)?
-19
Let z(l) = -l**2 + 12*l - 53. Give z(0).
-53
Let o(m) = -3*m**3 + m**2 + 1. What is o(1)?
-1
Let o(a) = a**3 + 2*a - 2. Give o(2).
10
Let v(b) = 10*b + 6. Determine v(-2).
-14
Let m(u) = u - 4. What is m(12)?
8
Let u(l) = -5*l + 11. Calculate u(0).
11
Let z(p) = -41*p**3 - 3*p + 3. Give z(1).
-41
Let r(c) = 7*c + 5. Calculate r(10).
75
Let f(g) = g + 5. What is f(-4)?
1
Let q(u) = -2*u**2 + 36*u + 9. Determine q(17).
43
Let t(h) = h + 8. Calculate t(-7).
1
Let x(o) = -o**2 - 9*o - 3. What is x(-13)?
-55
Let r(h) = h**2 - h + 2. Calculate r(4).
14
Let r(i) = -i**3 - 9*i**2 + 8*i - 13. What is r(-10)?
7
Let l(h) = -2*h**2 - 18*h - 34. What is l(-10)?
-54
Let t(v) = 9*v - 4. Determine t(3).
23
Let y(w) = -w**3 - 5*w**2 + 5*w - 4. Calculate y(-7).
59
Let z(b) = b**2 - 2*b - 1. What is z(3)?
2
Let h(c) = -2*c**2 - 4*c + 2. Determine h(1).
-4
Let a(d) = 4*d + 55. Give a(-13).
3
Let g(k) = -22*k - 11. Calculate g(-4).
77
Let b(i) = -2*i**2 - 6*i - 7. What is b(-2)?
-3
Let t(h) = h**2 - 32*h - 226. Give t(38).
2
Let z(p) = -p**3 - 9*p**2 - 3*p - 4. Determine z(-9).
23
Let g(z) = -4*z. Give g(-2).
8
Let o(m) = -2*m**2 - 36*m + 122. What is o(-21)?
-4
Let o(r) = -10*r + 70. Give o(7).
0
Let g(x) = 10*x - 5. Determine g(4).
35
Let n(x) = -x**2 + 9*x + 13. Determine n(11).
-9
Let g(i) = 2*i + 10. Calculate g(-8).
-6
Let h(f) = -f**3 - 7*f**2 - f - 16. Calculate h(-7).
-9
Let c(s) = s**3 + 6*s**2 + 4*s + 7. Give c(-6).
-17
Let j(w) = -w**3 + 4*w**2 - 3*w + 4. Determine j(3).
4
Let r(d) = -3*d**2 + 2*d + 3. Determine r(-2).
-13
Let r(x) = -x**3 - 12*x**2 - 5*x + 15. Calculate r(-12).
75
Let d(o) = o**3 + 19*o**2 - 2*o - 7. Calculate d(-19).
31
Let x(n) = 3*n - 15. Give x(13).
24
Let x(c) = c**2 - 2*c - 21. Calculate x(-4).
3
Let j(c) = -c**3 + c**2 + 14*c + 33. Calculate j(-3).
27
Let p(w) = w - 1. Calculate p(3).
2
Let b(q) = -q**3 - 10*q**2 + 12*q + 7. What is b(-11)?
-4
Let t(n) = -n**3 + 15*n**2 - 53*n. Give t(6).
6
Let j(b) = b**2 + 11*b + 15. Calculate j(-9).
-3
Let b(u) = -u**2 - 7*u - 9. Give b(-8).
-17
Let v(z) = z**3 + 14*z**2 + 11*z - 19. Calculate v(-13).
7
Let t(b) = -b**3 + 5*b**2 - 5*b + 1. Give t(5).
-24
Let d(q) = q**3 + 23*q**2 + 42*q - 16. Give d(-21).
-16
Let q(r) = -r**3 + 4*r**2 - 3*r + 5. Determine q(4).
-7
Let t(c) = -c**3 + 3*c**2 - 4*c - 12. Calculate t(-3).
54
Let p(b) = -5*b**2 + 5*b + 1. Determine p(2).
-9
Let z(p) = -p**3 - 5*p**2 + 5*p - 5. Give z(-6).
1
Let i(v) = -v + 3. Calculate i(-10).
13
Let j(c) = c**3 - 6*c**2 - 30*c + 7. Give j(9).
-20
Let i(s) = 112*s**3 + 2*s - 2. What is i(1)?
112
Let h(o) = 5*o + 68. Determine h(-11).
13
Let q(f) = f**2 + 8*f + 15. Determine q(-5).
0
Let t(v) = -4*v**2 + 3*v + 1. Determine t(-2).
-21
Let z(y) = -4*y + 25. Determine z(10).
-15
Let a(x) = -x**2 + 3. Determine a(-7).
-46
Let s(g) = 6*g + 3. What is s(6)?
39
Let t(y) = -y - 8. Calculate t(7).
-15
Let n(m) = 6*m - 4. Calculate n(2).
8
Let g(x) = 3*x**3 - 11*x**2 + 19*x - 89. Determine g(4).
3
Let t(z) = -4*z - 11. Determine t(-2).
-3
Let q(d) = 6*d**2 - 63*d - 12. What is q(7)?
-159
Let r(t) = t**3 - t**2 - 6*t + 6. Determine r(3).
6
Let k(b) = 22*b**2 - 5*b - 2. Calculate k(-2).
96
Let o(n) = -4*n - 9. Give o(-8).
23
Let q(m) = -2*m**3 - 19*m**2 - 10*m - 2. What is q(-9)?
7
Let y(c) = c**3 + 11*c**2 - 12*c - 28. What is y(-12)?
-28
Let p(u) = 2*u**2 - 2*u + 9. Determine p(-5).
69
Let h(n) = n**3 + 7*n**2 + 34*n + 160. Give h(-6).
-8
Let x(k) = 5*k - 155. What is x(32)?
5
Let k(c) = -25*c + 442. Calculate k(18).
-8
Let z(q) = q**2 + 6*q - 23. What is z(-13)?
68
Let g(o) = 9*o + 5. Give g(4).
41
Let b(p) = p**3 - p**2 + 6*p - 7. What is b(3)?
29
Let l(c) = -c**2 - 16*c - 27. Calculate l(-11).
28
Let n(k) = 63*k + 8. Determine n(-1).
-55
Let n(a) = -a**3 + a**2 + 4*a + 1. Determine n(3).
-5
Let l(k) = 3*k - 70. Give l(23).
-1
Let p(m) = -m**2 - 9*m + 6. What is p(-8)?
14
Let y(z) = -5*z - 86. Calculate y(-6).
-56
Let l(o) = o**3 - 11*o**2 + 13*o - 4. Give l(10).
26
Let k(y) = y**3 - 6*y**2 + y + 8. Calculate k(5).
-12
Let b(r) = -2*r**2 + 64*r + 64. Determine b(33).
-2
Let c(r) = -r**2 + 9*r. What is c(12)?
-36
Let m(c) = c**2 - 7*c - 27. Give m(9).
-9
Let s(i) = 3*i - 16. Determine s(6).
2
Let d(s) = -s**3 + 3*s**2 + 3*s - 3. Give d(4).
-7
Let z(j) = -11*j + 8. Calculate z(4).
-36
Let q(d) = 9*d**2 - 190*d + 23. Give q(21).
2
Let c(f) = -2*f**3 - 18*f**2 + 19*f - 13. Calculate c(-10).
-3
Let y(r) = -r**3 + 8*r**2 - 7*r + 9. Calculate y(7).
9
Let m(l) = -2*l**2 + 15*l + 15. Calculate m(11).
-62
Let g(c) = -c**3 + 9*c**2 - 6*c + 3. Calculate g(3).
39
Let c(o) = o**2 + 14*o + 9. What is c(-10)?
-31
Let o(b) = 14*b + 9. What is o(3)?
51
Let r(s) = -s**3 + 15*s**2 + 6*s + 162. Calculate r(16).
2
Let v(q) = -q**2 - 26*q - 9. Determine v(-25).
16
Let b(i) = -7*i + 5. Give b(-6).
47
Let n(h) = -h**3 - 19*h**2 + 25*h + 20. What is n(-20)?
-80
Let y(w) = w**2 + 13*w + 8. Give y(-14).
22
Let m(z) = -z**3 + 24*z**2 - 81*z - 7. Give m(20).
-27
Let f(a) = a**2 - 6*a - 15. Give f(4).
-23
Let g(o) = -2*o**2 + o. Determine g(-6).
-78
Let x(i) = -3*i**2 + 2*i + 1. Give x(-1).
-4
Let f(l) = -l**3 - 10*l**2 - 2*l - 5. Calculate f(-10).
15
Let n(u) = u**3 + 37*u**2 + 103*u + 24. Give n(-34).
-10
Let a(n) = n**2 - 10*n - 146. Determine a(18).
-2
Let l(r) = -3*r**3 + 2*r**2 + 8*r - 14. Calculate l(2).
-14
Let n(m) = -3*m + 34. Give n(13).
-5
Let p(f) = -f**3 + 9*f**2 - 14*f - 6. Calculate p(6).
18
Let s(f) = 366*f - 1461. Give s(4).
3
Let x(z) = -z**2 - 20*z + 88. Calculate x(-22).
44
Let f(o) = o**2 - 6*o + 3. Calculate f(5).
-2
Let o(i) = i**2 - 17*i + 11. What is o(15)?
-19
Let l(x) = -2*x**2 - 6*x + 15. Give l(-4).
7
Let h(i) = -7*i**2 + 2*i + 1. What is h(-1)?
-8
Let a(h) = -7*h + 3. What is a(2)?
-11
Let b(v) = v + 8. Calculate b(8).
16
Let c(b) = -b**2 - 24*b + 64. What is c(-26)?
12
Let f(z) = 2*z**3 + 7*z**2 - 3*z - 5. What is f(-4)?
-9
Let k(w) = w**3 + 11*w**2 - 2*w - 44. Determine k(-11).
-22
Let i(p) = -23